o - 513, 5*o = -4*f + 689. What is the greatest common factor of 16 and f?
16
Let k be (-5)/((-45)/(-6))*3. Let w be (2 + -7)*4/k. Let c(s) = -s**3 - s + 80. Let a be c(0). What is the highest common divisor of a and w?
10
Suppose 160 + 92 = 4*y. Suppose -5*u = n + 18 - 3, -2*u - n - 3 = 0. Let j(k) = -2*k - 1. Let s be j(u). What is the highest common factor of s and y?
7
Let u(a) = a - 3. Let x be u(8). Let j be x/(-4)*-2*6. What is the highest common divisor of j and 3?
3
Let n = -8 - -21. Let f be (-2)/6 - 439/(-3). Suppose 16 = -2*q + f. Calculate the greatest common factor of q and n.
13
Let o = 248 - 136. Calculate the highest common divisor of 16 and o.
16
Let t(w) = 42*w - 31. Let d be t(6). What is the highest common factor of 17 and d?
17
Let l be 4*2/(16/10). What is the greatest common factor of l and 10?
5
Let v be (9 + 8)*(2 - 1). Calculate the highest common factor of 51 and v.
17
Let z be (-12)/(-5)*60/9. Let k be (z - 2) + (2 - 1). Let q be 106 + 1 + -1 + -1. What is the highest common factor of q and k?
15
Let q = -151 + 220. What is the highest common factor of q and 3?
3
Let b be (-356)/(-10) - 12/20. Calculate the greatest common divisor of b and 7.
7
Let s be 74/6 + 1/(-3). Suppose -4*k = -s - 60. Let u(y) = y**2 + 5*y - 5. Let l be u(5). What is the highest common divisor of l and k?
9
Let v be 2/11 + (-6762)/(-77). What is the greatest common factor of 11 and v?
11
Let l(w) = -w**3 + 2*w**2 + w - 1. Let z be l(2). Let s be 4*(z + 1 + 0). Let o be 10/(-4)*s/(-10). What is the greatest common divisor of o and 6?
2
Suppose -12 = 5*i - 32. Suppose 2*m = -2*m + i. Let f be 7 - m - (-6)/(-3). Calculate the highest common divisor of f and 12.
4
Suppose 3*x = 8*x - 105. What is the highest common divisor of x and 3?
3
Let g(l) = 26 + 178 - 2*l - l**2 + l - l**3. Let h be g(0). Suppose h = 3*x - 39. Calculate the highest common divisor of x and 9.
9
Let y = -25 - -41. Let n be ((-55)/22)/((-2)/y). What is the highest common factor of n and 8?
4
Let k(b) = b**3 - 6*b**2 + b. Let x be k(6). Let l be -8*(-3)/(-12)*-9. Calculate the greatest common factor of x and l.
6
Suppose 2*z + 136 = 6*z. What is the highest common divisor of 170 and z?
34
Let b(a) = -a - 15. Let q be b(-20). Let j be (-55)/(-2)*(-2)/(-1). What is the greatest common divisor of j and q?
5
Let c(p) = -p**2 + 14*p - 8. Let t be c(12). What is the greatest common divisor of t and 80?
16
Suppose -2*s - 5 = -4*h - 5*s, -2*h - 5 = 3*s. Suppose h*y = 4*y + 12. Let b be (-1 + 2)/(2/8). What is the highest common factor of b and y?
4
Suppose -3*a = -2*o + 327, 2*o - 2*a - 345 = -5*a. Calculate the highest common divisor of 21 and o.
21
Let p = 196 - 194. Calculate the highest common factor of p and 3.
1
Let b(g) = -18*g - 3. Let z be b(-6). Calculate the greatest common divisor of z and 21.
21
Suppose y + 5*v = 4 + 17, -5*v - 11 = -y. Let u(n) = -17*n**3 - 3*n**2 - 3*n - 2. Let x be u(-2). What is the highest common factor of y and x?
16
Let r(i) = 6*i**2 + 2 - i**2 + 0*i**2 + 2*i. Let t be r(-4). Calculate the highest common divisor of 111 and t.
37
Let v = 19 + -10. Let x be ((-476)/6)/((-10)/15). Suppose -38 = m - x. What is the highest common divisor of v and m?
9
Let d(j) = j**3 - 15*j**2 + 16*j + 14. Let y be d(14). Calculate the highest common factor of 28 and y.
14
Let a be 1/1*275/5. Calculate the greatest common factor of a and 11.
11
Let p = 5 + 8. Let z = -119 + 223. What is the greatest common divisor of p and z?
13
Let r(l) = 2*l - 6. Let a be r(5). Let y be -3 - (-400 - (3 + 0)). Suppose 0 = a*v + v - y. Calculate the greatest common factor of 16 and v.
16
Let m(t) = t + 3. Let c be m(18). Calculate the greatest common divisor of c and 168.
21
Suppose 0 = 4*c - 3*d - 5 - 2, -2*c = 4*d + 24. Let k be (-270)/(-6) - (c - 1). Calculate the greatest common divisor of k and 12.
12
Let b be -3 + 0 - (-8)/4. Let z be (-85)/(-4) + b/4. Calculate the greatest common factor of 168 and z.
21
Let z(c) = c. Suppose 2*x - 5*i = 31, 3*x + 2*x - 3*i - 49 = 0. Let r be z(x). What is the highest common factor of r and 88?
8
Suppose -10 + 70 = 4*h. What is the greatest common divisor of 150 and h?
15
Let w = 27 - 15. What is the greatest common factor of 108 and w?
12
Let u(d) = 32*d**2 - 4*d - 3. Let f be u(-2). What is the greatest common divisor of 19 and f?
19
Let b(o) be the second derivative of 0 + 1/2*o**2 + o + 1/6*o**3. Let t be b(6). Calculate the highest common divisor of t and 7.
7
Suppose 3*g = 2*k + 2*k + 7, 5*g = -5*k + 35. Suppose -o - 3*o = -4. Let a be ((-1)/(-2))/o*6. What is the highest common divisor of a and k?
1
Let f(t) = t**3 + 4*t**2 - 5*t + 2. Let g be f(3). What is the highest common factor of 10 and g?
10
Let j(o) = -o - 4. Let y be j(-6). Suppose y + 2 = r. Suppose 2*f - r*f + 72 = 0. Calculate the greatest common factor of 4 and f.
4
Suppose -14*r + 180 = -9*r. What is the highest common factor of 9 and r?
9
Suppose -3*w = -a - 8*w + 48, 48 = 2*a - 2*w. Let q(y) = y**3 - 4*y**2 - 5*y + 4. Let t be q(5). Calculate the greatest common factor of t and a.
4
Suppose 26*r = 30*r - 308. Calculate the greatest common factor of 7 and r.
7
Let h(z) be the first derivative of -z**2/2 - 27*z - 3. Let q be h(-13). Let u be 0/2 + q/(-1). Calculate the greatest common divisor of 154 and u.
14
Let v = -53 - -151. Suppose -3*h + 13 = -29. What is the greatest common factor of h and v?
14
Suppose -2*t - 4 - 230 = -4*r, 5*r - t - 297 = 0. Calculate the highest common divisor of r and 45.
15
Suppose 0*y + y = -a + 6, -40 = -5*y - 3*a. Let k(v) = 11*v - 9. Let t be k(y). Calculate the highest common factor of t and 16.
16
Let p(k) = 2*k + 1. Let n(i) = -1. Let j(q) = -3*n(q) - p(q). Let s be j(-3). Let a be 574/8 + 2/8. Calculate the greatest common factor of s and a.
8
Let o(u) = u**2 - 23*u + 23. Let q be o(22). What is the greatest common divisor of 9 and q?
1
Suppose 5*f - 4*n = 470, -3*n + 0*n + 255 = 3*f. Calculate the highest common divisor of 36 and f.
18
Suppose 5*c - 5 = 10. Let q(v) = -2*v - 2*v**c + 6 - v**3 + 8*v**2 + 2*v**3. Let a be q(6). Calculate the highest common factor of 6 and a.
6
Let j be (-33)/(-9) + ((-15)/(-9))/5. Calculate the greatest common divisor of j and 5.
1
Let o(f) = -f**3 - 3*f**3 - 7*f**3. Let a be o(-1). Suppose -3*w + 297 = -0*w. Calculate the greatest common divisor of a and w.
11
Let v(f) = 153*f. Let w be v(1). Let u be -1*3 - w/(-3). What is the greatest common factor of u and 6?
6
Let w(r) = 2*r**3 - 3*r**2 + 2*r. Let s be w(2). Let z be 90/s - (-6)/8. Suppose -6 = -3*y + 6. Calculate the greatest common factor of z and y.
4
Suppose -3*s + 2*d - 8 = 0, -2*d = -s - 5*d + 1. Let y be s/6*0 + 8. Suppose -3*o = -5*q + 2 + 14, -y = q + 5*o. What is the greatest common factor of 16 and q?
2
Let f(d) = -5*d. Let a be f(-6). Let o be (-380)/(-6) + 6/(-18). Let m = 108 - o. Calculate the greatest common divisor of m and a.
15
Let i = 26 + -16. Suppose 3*r - 23 = i. Let s = -282 + 403. Calculate the highest common divisor of r and s.
11
Let j = 181 - 98. Suppose 2*m - j = s, -158 = -5*m + 2*s + 50. What is the greatest common factor of m and 14?
14
Let g = 52 - 36. Suppose 5*u - d = -5*d + 56, -4*d - g = -4*u. Suppose 5*h - 2 = 8. What is the greatest common factor of u and h?
2
Let l be ((-29)/(-4))/((-11)/44). Let a = -22 - l. Calculate the highest common factor of a and 14.
7
Suppose -m - m = -10, 5*g = 3*m + 35. Calculate the greatest common factor of 30 and g.
10
Let z(w) = -w**3 - 4*w**2 - 3*w + 16. Let x be z(-8). Calculate the highest common factor of x and 37.
37
Let v = 43 + -36. Suppose b + 2*b - 12 = 0. Suppose m + 2*q = 26, m - v = 3*q + b. What is the highest common factor of 20 and m?
20
Let f = 96 - 40. Calculate the greatest common factor of f and 7.
7
Let c(d) = -5 - d**3 + 3*d - d + 4. Let y be c(-3). Let n = y + -4. What is the greatest common divisor of n and 128?
16
Suppose -66 = -8*v + 46. Calculate the greatest common divisor of 28 and v.
14
Let i = 82 + -164. Let o be i/(-2) + -7 + 8. What is the highest common divisor of o and 21?
21
Suppose -g + 1 + 7 = 0. Let i = g + 2. What is the greatest common factor of i and 15?
5
Let f = 58 - 34. What is the highest common factor of f and 192?
24
Let a be (-4